{"version":"1.0","provider_name":"Montecarlo Living","provider_url":"https:\/\/montecarloliving.com\/fr\/","author_name":"Redazione","author_url":"https:\/\/montecarloliving.com\/fr\/author\/living\/","title":"The Ocean Race Europe fait escale \u00e0 Nice","type":"rich","width":600,"height":338,"html":"<blockquote class=\"wp-embedded-content\" data-secret=\"oGRQW3bYOf\"><a href=\"https:\/\/montecarloliving.com\/fr\/actualite\/the-ocean-race-europe-fait-escale-nice-23367\/\">The Ocean Race Europe fait escale \u00e0 Nice<\/a><\/blockquote><iframe sandbox=\"allow-scripts\" security=\"restricted\" src=\"https:\/\/montecarloliving.com\/fr\/actualite\/the-ocean-race-europe-fait-escale-nice-23367\/embed\/#?secret=oGRQW3bYOf\" width=\"600\" height=\"338\" title=\"\u00ab\u00a0The Ocean Race Europe fait escale \u00e0 Nice\u00a0\u00bb &#8212; Montecarlo Living\" data-secret=\"oGRQW3bYOf\" frameborder=\"0\" marginwidth=\"0\" marginheight=\"0\" scrolling=\"no\" class=\"wp-embedded-content\"><\/iframe><script type=\"text\/javascript\">\n\/* <![CDATA[ *\/\n\/*! This file is auto-generated *\/\n!function(d,l){\"use strict\";l.querySelector&&d.addEventListener&&\"undefined\"!=typeof URL&&(d.wp=d.wp||{},d.wp.receiveEmbedMessage||(d.wp.receiveEmbedMessage=function(e){var t=e.data;if((t||t.secret||t.message||t.value)&&!\/[^a-zA-Z0-9]\/.test(t.secret)){for(var s,r,n,a=l.querySelectorAll('iframe[data-secret=\"'+t.secret+'\"]'),o=l.querySelectorAll('blockquote[data-secret=\"'+t.secret+'\"]'),c=new RegExp(\"^https?:$\",\"i\"),i=0;i<o.length;i++)o[i].style.display=\"none\";for(i=0;i<a.length;i++)s=a[i],e.source===s.contentWindow&&(s.removeAttribute(\"style\"),\"height\"===t.message?(1e3<(r=parseInt(t.value,10))?r=1e3:~~r<200&&(r=200),s.height=r):\"link\"===t.message&&(r=new URL(s.getAttribute(\"src\")),n=new URL(t.value),c.test(n.protocol))&&n.host===r.host&&l.activeElement===s&&(d.top.location.href=t.value))}},d.addEventListener(\"message\",d.wp.receiveEmbedMessage,!1),l.addEventListener(\"DOMContentLoaded\",function(){for(var e,t,s=l.querySelectorAll(\"iframe.wp-embedded-content\"),r=0;r<s.length;r++)(t=(e=s[r]).getAttribute(\"data-secret\"))||(t=Math.random().toString(36).substring(2,12),e.src+=\"#?secret=\"+t,e.setAttribute(\"data-secret\",t)),e.contentWindow.postMessage({message:\"ready\",secret:t},\"*\")},!1)))}(window,document);\n\/\/# sourceURL=https:\/\/montecarloliving.com\/wp-includes\/js\/wp-embed.min.js\n\/* ]]> *\/\n<\/script>\n","thumbnail_url":"https:\/\/montecarloliving.com\/wp-content\/uploads\/2025\/07\/m178055_tore_map_tore_2025_230424-650x400.jpeg","thumbnail_width":650,"thumbnail_height":400,"description":"Du 29 au 31 ao\u00fbt 2025, The Ocean Race Europe fera escale \u00e0 Nice \u2013 l\u2019unique \u00e9tape fran\u00e7aise de cette spectaculaire course oc\u00e9anique reliant Kiel au The Ocean Race Europe fait escale \u00e0 Nice 2025"}

The Ocean Race Europe fait escale à Nice

<blockquote class="wp-embedded-content" data-secret="oGRQW3bYOf"><a href="https://montecarloliving.com/fr/actualite/the-ocean-race-europe-fait-escale-nice-23367/">The Ocean Race Europe fait escale à Nice</a></blockquote><iframe sandbox="allow-scripts" security="restricted" src="https://montecarloliving.com/fr/actualite/the-ocean-race-europe-fait-escale-nice-23367/embed/#?secret=oGRQW3bYOf" width="600" height="338" title="« The Ocean Race Europe fait escale à Nice » &#8212; Montecarlo Living" data-secret="oGRQW3bYOf" frameborder="0" marginwidth="0" marginheight="0" scrolling="no" class="wp-embedded-content"></iframe><script type="text/javascript">
/* <![CDATA[ */
/*! This file is auto-generated */
!function(d,l){"use strict";l.querySelector&&d.addEventListener&&"undefined"!=typeof URL&&(d.wp=d.wp||{},d.wp.receiveEmbedMessage||(d.wp.receiveEmbedMessage=function(e){var t=e.data;if((t||t.secret||t.message||t.value)&&!/[^a-zA-Z0-9]/.test(t.secret)){for(var s,r,n,a=l.querySelectorAll('iframe[data-secret="'+t.secret+'"]'),o=l.querySelectorAll('blockquote[data-secret="'+t.secret+'"]'),c=new RegExp("^https?:$","i"),i=0;i<o.length;i++)o[i].style.display="none";for(i=0;i<a.length;i++)s=a[i],e.source===s.contentWindow&&(s.removeAttribute("style"),"height"===t.message?(1e3<(r=parseInt(t.value,10))?r=1e3:~~r<200&&(r=200),s.height=r):"link"===t.message&&(r=new URL(s.getAttribute("src")),n=new URL(t.value),c.test(n.protocol))&&n.host===r.host&&l.activeElement===s&&(d.top.location.href=t.value))}},d.addEventListener("message",d.wp.receiveEmbedMessage,!1),l.addEventListener("DOMContentLoaded",function(){for(var e,t,s=l.querySelectorAll("iframe.wp-embedded-content"),r=0;r<s.length;r++)(t=(e=s[r]).getAttribute("data-secret"))||(t=Math.random().toString(36).substring(2,12),e.src+="#?secret="+t,e.setAttribute("data-secret",t)),e.contentWindow.postMessage({message:"ready",secret:t},"*")},!1)))}(window,document);
//# sourceURL=https://montecarloliving.com/wp-includes/js/wp-embed.min.js
/* ]]> */
</script>

Du 29 au 31 août 2025, The Ocean Race Europe fera escale à Nice – l’unique étape française de cette spectaculaire course océanique reliant Kiel au The Ocean Race Europe fait escale à Nice 2025
