{"version":"1.0","provider_name":"Montecarlo Living","provider_url":"https:\/\/montecarloliving.com\/fr\/","author_name":"Redazione","author_url":"https:\/\/montecarloliving.com\/fr\/author\/living\/","title":"Carnaval au March\u00e9 de la Condamine de Monaco","type":"rich","width":600,"height":338,"html":"<blockquote class=\"wp-embedded-content\" data-secret=\"12qx2eL2iS\"><a href=\"https:\/\/montecarloliving.com\/fr\/actualite\/carnaval-au-marche-de-condamine-de-monaco-19078\/\">Carnaval au March\u00e9 de la Condamine de Monaco<\/a><\/blockquote><iframe sandbox=\"allow-scripts\" security=\"restricted\" src=\"https:\/\/montecarloliving.com\/fr\/actualite\/carnaval-au-marche-de-condamine-de-monaco-19078\/embed\/#?secret=12qx2eL2iS\" width=\"600\" height=\"338\" title=\"\u00ab\u00a0Carnaval au March\u00e9 de la Condamine de Monaco\u00a0\u00bb &#8212; Montecarlo Living\" data-secret=\"12qx2eL2iS\" frameborder=\"0\" marginwidth=\"0\" marginheight=\"0\" scrolling=\"no\" class=\"wp-embedded-content\"><\/iframe><script type=\"text\/javascript\">\n\/* <![CDATA[ *\/\n\/*! This file is auto-generated *\/\n!function(d,l){\"use strict\";l.querySelector&&d.addEventListener&&\"undefined\"!=typeof URL&&(d.wp=d.wp||{},d.wp.receiveEmbedMessage||(d.wp.receiveEmbedMessage=function(e){var t=e.data;if((t||t.secret||t.message||t.value)&&!\/[^a-zA-Z0-9]\/.test(t.secret)){for(var s,r,n,a=l.querySelectorAll('iframe[data-secret=\"'+t.secret+'\"]'),o=l.querySelectorAll('blockquote[data-secret=\"'+t.secret+'\"]'),c=new RegExp(\"^https?:$\",\"i\"),i=0;i<o.length;i++)o[i].style.display=\"none\";for(i=0;i<a.length;i++)s=a[i],e.source===s.contentWindow&&(s.removeAttribute(\"style\"),\"height\"===t.message?(1e3<(r=parseInt(t.value,10))?r=1e3:~~r<200&&(r=200),s.height=r):\"link\"===t.message&&(r=new URL(s.getAttribute(\"src\")),n=new URL(t.value),c.test(n.protocol))&&n.host===r.host&&l.activeElement===s&&(d.top.location.href=t.value))}},d.addEventListener(\"message\",d.wp.receiveEmbedMessage,!1),l.addEventListener(\"DOMContentLoaded\",function(){for(var e,t,s=l.querySelectorAll(\"iframe.wp-embedded-content\"),r=0;r<s.length;r++)(t=(e=s[r]).getAttribute(\"data-secret\"))||(t=Math.random().toString(36).substring(2,12),e.src+=\"#?secret=\"+t,e.setAttribute(\"data-secret\",t)),e.contentWindow.postMessage({message:\"ready\",secret:t},\"*\")},!1)))}(window,document);\n\/\/# sourceURL=https:\/\/montecarloliving.com\/wp-includes\/js\/wp-embed.min.js\n\/* ]]> *\/\n<\/script>\n","thumbnail_url":"https:\/\/montecarloliving.com\/wp-content\/uploads\/2025\/02\/nqSm5v6F4sZ4F9yDKxkjoAQglnxn6REHvi06CifE-650x400.jpg","thumbnail_width":650,"thumbnail_height":400,"description":"Cette ann\u00e9e, la Ville de Monaco s'associe au r\u00e9seau Entreparents pour organiser un Carnaval joyeux et convivial, r\u00e9unissant toute la communaut\u00e9 autour Carnaval 2025 au March\u00e9 de la Condamine de Monaco"}

Carnaval au Marché de la Condamine de Monaco

<blockquote class="wp-embedded-content" data-secret="12qx2eL2iS"><a href="https://montecarloliving.com/fr/actualite/carnaval-au-marche-de-condamine-de-monaco-19078/">Carnaval au Marché de la Condamine de Monaco</a></blockquote><iframe sandbox="allow-scripts" security="restricted" src="https://montecarloliving.com/fr/actualite/carnaval-au-marche-de-condamine-de-monaco-19078/embed/#?secret=12qx2eL2iS" width="600" height="338" title="« Carnaval au Marché de la Condamine de Monaco » &#8212; Montecarlo Living" data-secret="12qx2eL2iS" frameborder="0" marginwidth="0" marginheight="0" scrolling="no" class="wp-embedded-content"></iframe><script type="text/javascript">
/* <![CDATA[ */
/*! This file is auto-generated */
!function(d,l){"use strict";l.querySelector&&d.addEventListener&&"undefined"!=typeof URL&&(d.wp=d.wp||{},d.wp.receiveEmbedMessage||(d.wp.receiveEmbedMessage=function(e){var t=e.data;if((t||t.secret||t.message||t.value)&&!/[^a-zA-Z0-9]/.test(t.secret)){for(var s,r,n,a=l.querySelectorAll('iframe[data-secret="'+t.secret+'"]'),o=l.querySelectorAll('blockquote[data-secret="'+t.secret+'"]'),c=new RegExp("^https?:$","i"),i=0;i<o.length;i++)o[i].style.display="none";for(i=0;i<a.length;i++)s=a[i],e.source===s.contentWindow&&(s.removeAttribute("style"),"height"===t.message?(1e3<(r=parseInt(t.value,10))?r=1e3:~~r<200&&(r=200),s.height=r):"link"===t.message&&(r=new URL(s.getAttribute("src")),n=new URL(t.value),c.test(n.protocol))&&n.host===r.host&&l.activeElement===s&&(d.top.location.href=t.value))}},d.addEventListener("message",d.wp.receiveEmbedMessage,!1),l.addEventListener("DOMContentLoaded",function(){for(var e,t,s=l.querySelectorAll("iframe.wp-embedded-content"),r=0;r<s.length;r++)(t=(e=s[r]).getAttribute("data-secret"))||(t=Math.random().toString(36).substring(2,12),e.src+="#?secret="+t,e.setAttribute("data-secret",t)),e.contentWindow.postMessage({message:"ready",secret:t},"*")},!1)))}(window,document);
//# sourceURL=https://montecarloliving.com/wp-includes/js/wp-embed.min.js
/* ]]> */
</script>

Cette année, la Ville de Monaco s'associe au réseau Entreparents pour organiser un Carnaval joyeux et convivial, réunissant toute la communauté autour Carnaval 2025 au Marché de la Condamine de Monaco
