{"version":"1.0","provider_name":"Montecarlo Living","provider_url":"https:\/\/montecarloliving.com\/en\/","author_name":"Redazione","author_url":"https:\/\/montecarloliving.com\/en\/author\/living\/","title":"18th Edition of the Mondial du Th\u00e9\u00e2tre","type":"rich","width":600,"height":338,"html":"<blockquote class=\"wp-embedded-content\" data-secret=\"PD0pWMEhwp\"><a href=\"https:\/\/montecarloliving.com\/en\/actuality\/18th-edition-of-the-mondial-du-theatre-24346\/\">18th Edition of the Mondial du Th\u00e9\u00e2tre<\/a><\/blockquote><iframe sandbox=\"allow-scripts\" security=\"restricted\" src=\"https:\/\/montecarloliving.com\/en\/actuality\/18th-edition-of-the-mondial-du-theatre-24346\/embed\/#?secret=PD0pWMEhwp\" width=\"600\" height=\"338\" title=\"&#8220;18th Edition of the Mondial du Th\u00e9\u00e2tre&#8221; &#8212; Montecarlo Living\" data-secret=\"PD0pWMEhwp\" frameborder=\"0\" marginwidth=\"0\" marginheight=\"0\" scrolling=\"no\" class=\"wp-embedded-content\"><\/iframe><script type=\"text\/javascript\">\n\/* <![CDATA[ *\/\n\/*! This file is auto-generated *\/\n!function(d,l){\"use strict\";l.querySelector&&d.addEventListener&&\"undefined\"!=typeof URL&&(d.wp=d.wp||{},d.wp.receiveEmbedMessage||(d.wp.receiveEmbedMessage=function(e){var t=e.data;if((t||t.secret||t.message||t.value)&&!\/[^a-zA-Z0-9]\/.test(t.secret)){for(var s,r,n,a=l.querySelectorAll('iframe[data-secret=\"'+t.secret+'\"]'),o=l.querySelectorAll('blockquote[data-secret=\"'+t.secret+'\"]'),c=new RegExp(\"^https?:$\",\"i\"),i=0;i<o.length;i++)o[i].style.display=\"none\";for(i=0;i<a.length;i++)s=a[i],e.source===s.contentWindow&&(s.removeAttribute(\"style\"),\"height\"===t.message?(1e3<(r=parseInt(t.value,10))?r=1e3:~~r<200&&(r=200),s.height=r):\"link\"===t.message&&(r=new URL(s.getAttribute(\"src\")),n=new URL(t.value),c.test(n.protocol))&&n.host===r.host&&l.activeElement===s&&(d.top.location.href=t.value))}},d.addEventListener(\"message\",d.wp.receiveEmbedMessage,!1),l.addEventListener(\"DOMContentLoaded\",function(){for(var e,t,s=l.querySelectorAll(\"iframe.wp-embedded-content\"),r=0;r<s.length;r++)(t=(e=s[r]).getAttribute(\"data-secret\"))||(t=Math.random().toString(36).substring(2,12),e.src+=\"#?secret=\"+t,e.setAttribute(\"data-secret\",t)),e.contentWindow.postMessage({message:\"ready\",secret:t},\"*\")},!1)))}(window,document);\n\/\/# sourceURL=https:\/\/montecarloliving.com\/wp-includes\/js\/wp-embed.min.js\n\/* ]]> *\/\n<\/script>\n","thumbnail_url":"https:\/\/montecarloliving.com\/wp-content\/uploads\/2025\/08\/c6a506_32dc4d7d5f2948cb8285c3a11afeb430mv2-650x400.jpg","thumbnail_width":650,"thumbnail_height":400,"description":"On Wednesday, August 20, the curtain will officially rise on the 18th edition of the Mondial du Th\u00e9\u00e2tre, the World Festival of Amateur Theatre, hosted in 18th Edition of the Mondial du Th\u00e9\u00e2tre"}

18th Edition of the Mondial du Théâtre

<blockquote class="wp-embedded-content" data-secret="PD0pWMEhwp"><a href="https://montecarloliving.com/en/actuality/18th-edition-of-the-mondial-du-theatre-24346/">18th Edition of the Mondial du Théâtre</a></blockquote><iframe sandbox="allow-scripts" security="restricted" src="https://montecarloliving.com/en/actuality/18th-edition-of-the-mondial-du-theatre-24346/embed/#?secret=PD0pWMEhwp" width="600" height="338" title="&#8220;18th Edition of the Mondial du Théâtre&#8221; &#8212; Montecarlo Living" data-secret="PD0pWMEhwp" frameborder="0" marginwidth="0" marginheight="0" scrolling="no" class="wp-embedded-content"></iframe><script type="text/javascript">
/* <![CDATA[ */
/*! This file is auto-generated */
!function(d,l){"use strict";l.querySelector&&d.addEventListener&&"undefined"!=typeof URL&&(d.wp=d.wp||{},d.wp.receiveEmbedMessage||(d.wp.receiveEmbedMessage=function(e){var t=e.data;if((t||t.secret||t.message||t.value)&&!/[^a-zA-Z0-9]/.test(t.secret)){for(var s,r,n,a=l.querySelectorAll('iframe[data-secret="'+t.secret+'"]'),o=l.querySelectorAll('blockquote[data-secret="'+t.secret+'"]'),c=new RegExp("^https?:$","i"),i=0;i<o.length;i++)o[i].style.display="none";for(i=0;i<a.length;i++)s=a[i],e.source===s.contentWindow&&(s.removeAttribute("style"),"height"===t.message?(1e3<(r=parseInt(t.value,10))?r=1e3:~~r<200&&(r=200),s.height=r):"link"===t.message&&(r=new URL(s.getAttribute("src")),n=new URL(t.value),c.test(n.protocol))&&n.host===r.host&&l.activeElement===s&&(d.top.location.href=t.value))}},d.addEventListener("message",d.wp.receiveEmbedMessage,!1),l.addEventListener("DOMContentLoaded",function(){for(var e,t,s=l.querySelectorAll("iframe.wp-embedded-content"),r=0;r<s.length;r++)(t=(e=s[r]).getAttribute("data-secret"))||(t=Math.random().toString(36).substring(2,12),e.src+="#?secret="+t,e.setAttribute("data-secret",t)),e.contentWindow.postMessage({message:"ready",secret:t},"*")},!1)))}(window,document);
//# sourceURL=https://montecarloliving.com/wp-includes/js/wp-embed.min.js
/* ]]> */
</script>

On Wednesday, August 20, the curtain will officially rise on the 18th edition of the Mondial du Théâtre, the World Festival of Amateur Theatre, hosted in 18th Edition of the Mondial du Théâtre
